[INFO] fetching crate omnipaxos_macros 0.1.1...
[INFO] checking omnipaxos_macros-0.1.1 against master#e6e4f7ed1589e03bc2f6c5931c1a72e7947e8682 for beta-170-4
[INFO] extracting crate omnipaxos_macros 0.1.1 into /workspace/builds/worker-4-tc2/source
[INFO] validating manifest of crates.io crate omnipaxos_macros 0.1.1 on toolchain e6e4f7ed1589e03bc2f6c5931c1a72e7947e8682
[INFO] running `Command { std: CARGO_HOME="/workspace/cargo-home" RUSTUP_HOME="/workspace/rustup-home" "/workspace/cargo-home/bin/cargo" "+e6e4f7ed1589e03bc2f6c5931c1a72e7947e8682" "metadata" "--manifest-path" "Cargo.toml" "--no-deps", kill_on_drop: false }`
[INFO] started tweaking crates.io crate omnipaxos_macros 0.1.1
[INFO] finished tweaking crates.io crate omnipaxos_macros 0.1.1
[INFO] tweaked toml for crates.io crate omnipaxos_macros 0.1.1 written to /workspace/builds/worker-4-tc2/source/Cargo.toml
[INFO] running `Command { std: CARGO_HOME="/workspace/cargo-home" RUSTUP_HOME="/workspace/rustup-home" __CARGO_TEST_CHANNEL_OVERRIDE_DO_NOT_USE_THIS="nightly" "/workspace/cargo-home/bin/cargo" "+e6e4f7ed1589e03bc2f6c5931c1a72e7947e8682" "generate-lockfile" "--manifest-path" "Cargo.toml" "-Zno-index-update", kill_on_drop: false }`
[INFO] running `Command { std: CARGO_HOME="/workspace/cargo-home" RUSTUP_HOME="/workspace/rustup-home" "/workspace/cargo-home/bin/cargo" "+e6e4f7ed1589e03bc2f6c5931c1a72e7947e8682" "fetch" "--manifest-path" "Cargo.toml", kill_on_drop: false }`
[INFO] running `Command { std: "docker" "create" "-v" "/var/lib/crater-agent-workspace/builds/worker-4-tc2/target:/opt/rustwide/target:rw,Z" "-v" "/var/lib/crater-agent-workspace/builds/worker-4-tc2/source:/opt/rustwide/workdir:ro,Z" "-v" "/var/lib/crater-agent-workspace/cargo-home:/opt/rustwide/cargo-home:ro,Z" "-v" "/var/lib/crater-agent-workspace/rustup-home:/opt/rustwide/rustup-home:ro,Z" "-e" "SOURCE_DIR=/opt/rustwide/workdir" "-e" "CARGO_TARGET_DIR=/opt/rustwide/target" "-e" "CARGO_HOME=/opt/rustwide/cargo-home" "-e" "RUSTUP_HOME=/opt/rustwide/rustup-home" "-w" "/opt/rustwide/workdir" "-m" "1610612736" "--user" "0:0" "--network" "none" "ghcr.io/rust-lang/crates-build-env/linux@sha256:19e73879b68f455e41552ea35293514db52ea292d993f571636dbffedb77a1ee" "/opt/rustwide/cargo-home/bin/cargo" "+e6e4f7ed1589e03bc2f6c5931c1a72e7947e8682" "metadata" "--no-deps" "--format-version=1", kill_on_drop: false }`
[INFO] [stdout] cb0ed73296ddc4d665ea3de3ee4e693ce0f2073527692cbd275b1d0645d815a4
[INFO] running `Command { std: "docker" "start" "-a" "cb0ed73296ddc4d665ea3de3ee4e693ce0f2073527692cbd275b1d0645d815a4", kill_on_drop: false }`
[INFO] running `Command { std: "docker" "inspect" "cb0ed73296ddc4d665ea3de3ee4e693ce0f2073527692cbd275b1d0645d815a4", kill_on_drop: false }`
[INFO] running `Command { std: "docker" "rm" "-f" "cb0ed73296ddc4d665ea3de3ee4e693ce0f2073527692cbd275b1d0645d815a4", kill_on_drop: false }`
[INFO] [stdout] cb0ed73296ddc4d665ea3de3ee4e693ce0f2073527692cbd275b1d0645d815a4
[INFO] running `Command { std: "docker" "create" "-v" "/var/lib/crater-agent-workspace/builds/worker-4-tc2/target:/opt/rustwide/target:rw,Z" "-v" "/var/lib/crater-agent-workspace/builds/worker-4-tc2/source:/opt/rustwide/workdir:ro,Z" "-v" "/var/lib/crater-agent-workspace/cargo-home:/opt/rustwide/cargo-home:ro,Z" "-v" "/var/lib/crater-agent-workspace/rustup-home:/opt/rustwide/rustup-home:ro,Z" "-e" "SOURCE_DIR=/opt/rustwide/workdir" "-e" "CARGO_TARGET_DIR=/opt/rustwide/target" "-e" "CARGO_INCREMENTAL=0" "-e" "RUST_BACKTRACE=full" "-e" "RUSTFLAGS=--cap-lints=forbid" "-e" "RUSTDOCFLAGS=--cap-lints=forbid" "-e" "CARGO_HOME=/opt/rustwide/cargo-home" "-e" "RUSTUP_HOME=/opt/rustwide/rustup-home" "-w" "/opt/rustwide/workdir" "-m" "1610612736" "--user" "0:0" "--network" "none" "ghcr.io/rust-lang/crates-build-env/linux@sha256:19e73879b68f455e41552ea35293514db52ea292d993f571636dbffedb77a1ee" "/opt/rustwide/cargo-home/bin/cargo" "+e6e4f7ed1589e03bc2f6c5931c1a72e7947e8682" "check" "--frozen" "--all" "--all-targets" "--message-format=json", kill_on_drop: false }`
[INFO] [stdout] 7201e6b3ee09de233b1f8bace0592524e7275d4a8b24fedf1a4fd8425f93b30e
[INFO] running `Command { std: "docker" "start" "-a" "7201e6b3ee09de233b1f8bace0592524e7275d4a8b24fedf1a4fd8425f93b30e", kill_on_drop: false }`
[INFO] [stderr]    Compiling proc-macro2 v1.0.59
[INFO] [stderr]    Compiling quote v1.0.28
[INFO] [stderr]    Compiling syn v1.0.109
[INFO] [stderr]     Checking unicode-ident v1.0.9
[INFO] [stderr]     Checking omnipaxos_macros v0.1.1 (/opt/rustwide/workdir)
[INFO] [stdout] error[E0433]: failed to resolve: use of undeclared crate or module `omnipaxos`
[INFO] [stdout]  --> tests/derive_test.rs:3:9
[INFO] [stdout]   |
[INFO] [stdout] 3 |     use omnipaxos::macros::Entry;
[INFO] [stdout]   |         ^^^^^^^^^ use of undeclared crate or module `omnipaxos`
[INFO] [stdout] 
[INFO] [stdout] 
[INFO] [stdout] error[E0433]: failed to resolve: use of undeclared crate or module `omnipaxos`
[INFO] [stdout]   --> tests/derive_test.rs:14:9
[INFO] [stdout]    |
[INFO] [stdout] 14 |     use omnipaxos::{macros::Entry, OmniPaxos, OmniPaxosConfig};
[INFO] [stdout]    |         ^^^^^^^^^ use of undeclared crate or module `omnipaxos`
[INFO] [stdout] 
[INFO] [stdout] 
[INFO] [stdout] error[E0433]: failed to resolve: use of undeclared crate or module `omnipaxos_storage`
[INFO] [stdout]   --> tests/derive_test.rs:15:9
[INFO] [stdout]    |
[INFO] [stdout] 15 |     use omnipaxos_storage::memory_storage::MemoryStorage;
[INFO] [stdout]    |         ^^^^^^^^^^^^^^^^^ use of undeclared crate or module `omnipaxos_storage`
[INFO] [stdout] 
[INFO] [stdout] 
[INFO] [stdout] error[E0432]: unresolved import `omnipaxos`
[INFO] [stdout]   --> tests/derive_test.rs:14:9
[INFO] [stdout]    |
[INFO] [stdout] 14 |     use omnipaxos::{macros::Entry, OmniPaxos, OmniPaxosConfig};
[INFO] [stdout]    |         ^^^^^^^^^ use of undeclared crate or module `omnipaxos`
[INFO] [stdout] 
[INFO] [stdout] 
[INFO] [stdout] error: cannot determine resolution for the derive macro `Entry`
[INFO] [stdout]  --> tests/derive_test.rs:5:28
[INFO] [stdout]   |
[INFO] [stdout] 5 |     #[derive(Clone, Debug, Entry)]
[INFO] [stdout]   |                            ^^^^^
[INFO] [stdout]   |
[INFO] [stdout]   = note: import resolution is stuck, try simplifying macro imports
[INFO] [stdout] 
[INFO] [stdout] 
[INFO] [stdout] error: cannot determine resolution for the derive macro `Entry`
[INFO] [stdout]   --> tests/derive_test.rs:17:28
[INFO] [stdout]    |
[INFO] [stdout] 17 |     #[derive(Clone, Debug, Entry)]
[INFO] [stdout]    |                            ^^^^^
[INFO] [stdout]    |
[INFO] [stdout]    = note: import resolution is stuck, try simplifying macro imports
[INFO] [stdout] 
[INFO] [stdout] 
[INFO] [stdout] error: aborting due to 6 previous errors
[INFO] [stdout] 
[INFO] [stdout] 
[INFO] [stdout] Some errors have detailed explanations: E0432, E0433.
[INFO] [stdout] 
[INFO] [stdout] For more information about an error, try `rustc --explain E0432`.
[INFO] [stdout] 
[INFO] [stderr] error: could not compile `omnipaxos_macros` (test "derive_test") due to 7 previous errors
[INFO] running `Command { std: "docker" "inspect" "7201e6b3ee09de233b1f8bace0592524e7275d4a8b24fedf1a4fd8425f93b30e", kill_on_drop: false }`
[INFO] running `Command { std: "docker" "rm" "-f" "7201e6b3ee09de233b1f8bace0592524e7275d4a8b24fedf1a4fd8425f93b30e", kill_on_drop: false }`
[INFO] [stdout] 7201e6b3ee09de233b1f8bace0592524e7275d4a8b24fedf1a4fd8425f93b30e
